What is 1666509 (base 10) in base 14?
315485
Convert -1110001000110010101 (base 2) to base 4.
-1301012111
-10133024 (base 5) to base 12
-403b6
Convert 59bb17 (base 12) to base 16.
162583
What is 5dce6 (base 15) in base 2?
1001001001110001100
What is -29ba46 (base 12) in base 5?
-140023130
-10110110101 (base 2) to base 12
-a19
2761595 (base 10) to base 8
12421573
Convert -208de (base 16) to base 10.
-133342
-1607121 (base 9) to base 7
-10400326
1141254 (base 7) to base 12
6b790
Convert 60b450 (base 15) to base 16.
461aae
157996 (base 10) to base 13
56bb7
What is -73710 (base 11) in base 10?
-107338
-9330 (base 14) to base 6
-313130
-2d5a43 (base 15) to base 5
-1030233223
-165b2 (base 13) to base 2
-1010011011101101
Convert -3223238 (base 9) to base 3.
-10020210021022
What is -2355163 (base 7) in base 5?
-34041113
What is -367342 (base 10) in base 14?
-97c2a
-3a2245 (base 11) to base 15
-c762b
28b409 (base 13) to base 16
f3256
-a6776 (base 12) to base 10
-218826
What is -11300323232 (base 4) in base 3?
-2211202220112
Convert -314255 (base 9) to base 13.
-67070
What is 11100000101110110000110 (base 2) in base 16?
705d86
What is -133478 (base 9) in base 10?
-81314
Convert -31343040 (base 5) to base 11.
-16a058
-3460cb (base 14) to base 6
-102122123
Convert 46a059 (base 11) to base 9.
1355468
-1138a7 (base 13) to base 8
-1434576
-1339195 (base 10) to base 7
-14245234
Convert 26c6c (base 13) to base 14.
1c570
-332113301 (base 4) to base 10
-255473
-1327267 (base 11) to base 6
-121054352
17903 (base 13) to base 2
1011000110011000
Convert -52946 (base 13) to base 8.
-442452
-696555 (base 10) to base 7
-5630526
-20222011210 (base 3) to base 12
-67479
What is 23213111031 (base 4) in base 5?
1234412220
Convert 1277237 (base 8) to base 9.
607855
Convert 503116 (base 9) to base 4.
1020220320
What is -10413277 (base 10) in base 14?
-1550cd7
What is 161762 (base 12) in base 2?
1011011110011111010
What is -11641662 (base 7) in base 5?
-232133234
-21420 (base 10) to base 5
-1141140
What is 10033312 (base 7) in base 5?
203110211
Convert -10021002122 (base 3) to base 14.
-19595
-110031240 (base 5) to base 14
-c3820
Convert -120214 (base 9) to base 16.
-11a9a
Convert 1011000101111011 (base 2) to base 9.
68283
181813 (base 9) to base 4
123210132
What is 5b089a (base 14) in base 7?
35314653
Convert 236323 (base 10) to base 8.
715443
What is -16020341 (base 10) in base 12?
-5447045
Convert -12120202011 (base 3) to base 2.
-11010110101000110
22014623 (base 7) to base 2
111001100100100000100
1dee4 (base 16) to base 3
20020011121
-476071 (base 8) to base 14
-434db
-2661171 (base 8) to base 9
-1356415
15625015 (base 7) to base 5
342103114
Convert -117564a (base 12) to base 9.
-6335504
Convert 1613899 (base 11) to base 9.
5162614
216b02 (base 12) to base 15
a721e
What is 1011010010011100100110 (base 2) in base 3?
12120100011212
What is cd86f (base 16) in base 12?
347213
What is -1c503 (base 13) in base 4?
-31213131
-100021222200 (base 3) to base 12
-89a76
5320270 (base 8) to base 14
28c78c
Convert 200331333 (base 4) to base 12.
66193
What is 111220101210 (base 3) in base 9?
456353
Convert 3325707 (base 8) to base 13.
254a59
Convert -112222220210220 (base 3) to base 2.
-11110011001110011100011
What is 123103 (base 10) in base 8?
360337
11012003 (base 4) to base 6
240335
-12e975 (base 15) to base 7
-10510043
Convert -254712 (base 10) to base 11.
-164407
-1220121022022 (base 3) to base 7
-11430200
Convert 4ab77 (base 15) to base 3.
110010121211
What is 1221546 (base 9) in base 6?
22121153
Convert 111101111010111100 (base 2) to base 10.
253628
What is -32957 (base 11) in base 2?
-1011101001111000
-313061 (base 8) to base 13
-3843b
29288 (base 13) to base 10
77345
-1140822 (base 9) to base 15
-c2e02
Convert 1142336 (base 8) to base 5.
40000132
What is -394313 (base 10) in base 9?
-660805
-3004502 (base 6) to base 4
-202123112
4953895 (base 10) to base 6
254102411
What is 12308e (base 15) in base 5?
210332014
-1793 (base 12) to base 8
-5437
-10000101100101100 (base 2) to base 14
-1acd6
What is 6210033 (base 7) in base 12?
2b9439
What is -44f03 (base 16) in base 11?
-183171
What is 332a15 (base 12) in base 3?
1112100001222
74be (base 16) to base 2
111010010111110
-1354404 (base 6) to base 12
-38a04
-4132022413 (base 5) to base 13
-19a7560
What is 101111100010011001101 (base 2) in base 13?
42702a
Convert 99c05 (base 13) to base 14.
738a3
44801 (base 11) to base 3
10021222010
20664a2 (base 14) to base 2
111010011001000011001110
What is 3c0723 (base 13) in base 14?
29d3c3
Convert -10203441 (base 5) to base 15.
-1a231
Convert -130aa48 (base 11) to base 8.
-10520146
-81bcb4 (base 14) to base 5
-2104424302
What is -1101100100101010101 (base 2) in base 9?
-747074
Convert -55809 (base 10) to base 7.
-321465
Convert -60659 (base 10) to base 11.
-41635
-1122013303 (base 4) to base 8
-1320763
Convert -11010001010010011100101 (base 2) to base 16.
-68a4e5
-233212014 (base 6) to base 3
-22012022201101
-262665 (base 9) to base 14
-42187
Convert 10110101011101101011000 (base 2) to base 6.
331240412
35661 (base 13) to base 16
17de1
Convert -11304441 (base 5) to base 10.
-103746
Convert -1361036 (base 7) to base 5.
-21322341
What is -114430304 (base 7) in base 5?
-3311233042
-100100001101100111 (base 2) to base 16
-24367
What is 20143114 (base 6) in base 16?
8c056
5bbba (base 14) to base 3
102102001221
Convert -29a15a (base 12) to base 14.
-143a74
-1261403 (base 8) to base 12
-15036b
-153883 (base 9) to base 11
-6521a
10001000101110100100 (base 2) to base 10
560036
Convert 1102300331 (base 4) to base 13.
bb3c4
Convert -3d9f (base 16) to base 5.
-1001100
Convert 2c462 (base 13) to base 14.
229b4
2143310 (base 6) to base 12
51b36
123131021 (base 4) to base 6
2224345
144a98 (base 11) to base 7
1631432
-10001011111110110010010 (base 2) to base 9
-8561033
-5912a (base 16) to base 14
-96d62
-17302b9 (base 12) to base 15
-6495d0
What is 11100000010100111000100 (base 2) in base 6?
421315044
-611835 (base 9) to base 10
-362264
1004261 (base 8) to base 6
5355533
Convert -12243233 (base 5) to base 15.
-251e8
Convert -4312212113 (base 5) to base 12.
-306a890
Convert -3303441 (base 5) to base 13.
-1caa1
4052772 (base 8) to base 14
1dc226
-c9c9a3 (base 14) to base 9
-13766112
What is -623516 (base 7) in base 2?
-11010000110110011
What is 100332301203 (base 4) in base 6?
235224243
11062235 (base 7) to base 10
956408
What is -71cee (base 15) in base 3?
-200022202022
What is -511052 (base 6) in base 4?
-21313220
38182 (base 16) to base 12
b0b6a
What is -20030111 (base 4) in base 12?
-17505
Convert 198420 (base 11) to base 13.
a8488
What is 1120141 (base 8) in base 4?
1022001201
Convert -5927a (base 13) to base 6.
-3254413
1743381 (base 12) to base 6
251122241
What is -208b9 (base 14) in base 3?
-10222202202
What is -a2683 (base 15) in base 14?
-d56c1
What is -30123130223 (base 4) in base 12?
-111160b
Convert 120112230312 (base 4) to base 3.
110000100210200
What is 105315 (base 9) in base 14?
18d27
-29b6b54 (base 12) to base 9
-16811331
What is 504e71 (base 15) in base 13?
a36ab3
Convert -1424252 (base 6) to base 7.
-456041
-56110534 (base 7) to base 2
-10010011110011001001111
-19fda (base 16) to base 7
-622242
-2141544 (base 6) to base 16
-1a0c8
What is c20c9 (base 15) in base 6?
21100343
What is 232262 (base 8) in base 2?
10011010010110010
Convert 8108653 (base 10) to base 3.
120020221222111
What is -11022110021 (base 3) in base 15?
-1a24a
What is -11000001111111110111110 (base 2) in base 10?
-6356926
-bc27d (base 14) to base 8
-1572507
2041243 (base 8) to base 11
33a7a4
What is 113312013 (base 4) in base 12?
48633
Convert -363446 (base 7) to base 12.
-322b2
-2c588 (base 14) to base 7
-641131
What is 104142212 (base 5) in base 8?
1600461
What is -111221010022011 (base 3) in base 4?
-130033123033
Convert 21431222 (base 5) to base 14.
4bd2d
What is 436008 (base 10) in base 9?
734073
What is -1034044401 (base 5) in base 7?
-25102544
-44134236 (base 7) to base 10
-3790275
What is 1011100001010100 (base 2) in base 10?
47188
52a13 (base 11) to base 10
77091
5c347 (base 15) to base 14
793c3
10111100110110101001 (base 2) to base 8
2746651
22323231332 (base 4) to base 14
548698
What is -3034c (base 13) in base 15?
